
-8
What is the value of 6 + 0 - (2 - (1 + 0))?
5
What is the value of (-1 - -5) + (-12 - -9)?
1
-14 + 29 + (-12 - 0)
3
Evaluate 3 + (-3 + 1 - -2) + -5.
-2
Evaluate -2 - (0 + -2 + 6).
-6
What is the value of 76 + -71 - (1 - 0)?
4
What is the value of -3 + 1 + (14 - (-14 - -27))?
-1
(-2 - 2) + 3 + -5
-6
Evaluate (-6 - -1) + (-44 - -44).
-5
What is the value of 1 - -5 - 4 - (-2 - 0)?
4
Evaluate 13 - (0 + 4) - 6.
3
What is 5 - (1 + 5 + -2)?
1
Calculate (4 - (7 + -3 + -3)) + -4.
-1
What is 12 + -1 + -11 + 6 - -1?
7
Evaluate 13 - ((-11 - 1) + 8 - -8).
9
4 + (3 - 7) + 3
3
Calculate (2 - 8) + 4 + 1 + 5.
4
Evaluate 7 + 2 + -4 - (2 + -1).
4
What is 5 - (2 + -1 + 5)?
-1
What is -4 + 8 + -4 - (5 + -9)?
4
Evaluate -2 + 5 - (6 - 0).
-3
Evaluate -5 + (-2 - -18) + -9 + -5.
-3
Calculate -1 + -1 + 15 + (6 - 14).
5
What is the value of -15 + 4 + (-1 - (-6 + 1))?
-7
Evaluate -4 + 4 + -4 + 2.
-2
What is the value of 1 + 1 + (-33 - -27)?
-4
What is the value of 6 + -5 + -5 + 3?
-1
Calculate 3 + (-4 + 4 - 0 - 1).
2
What is the value of 8 + (-5 - -3) - (-40 + 41)?
5
Evaluate 1 + (-13 - -3) + -9 + 12.
-6
8 + -6 - (1 + 1)
0
-8 + (-3 - -3 - -3)
-5
-4 + -1 + 3 - (13 + -11)
-4
Calculate -2 - 3 - (1 + -2).
-4
What is (6 + 0 - 2) + 2?
6
Evaluate -3 + (1 + -5 - -4).
-3
0 + 3 - 5 - (-3 + 2)
-1
What is -7 + -5 + 7 + 2?
-3
Evaluate (12 - 8 - 1) + 1.
4
Evaluate 1 - (-4 - 2 - -2).
5
What is 0 - (5 - 4) - -4?
3
What is 12 + -3 + (5 - 19)?
-5
What is the value of -1 + (-6 - -18) + -1 + -2?
8
(-6 + 10 - (-1 + 2)) + -5
-2
-6 + 1 + 8 + (-3 - -5)
5
4 - (-3 + (-4 - -2) + 5)
4
0 - (2 - (5 - 4) - -3)
-4
What is -1 + -12 - -4 - -5?
-4
Evaluate (-11 - -7) + 8 - (-1 + 0).
5
(1 + 1 - 6) + 24 + -19
1
Evaluate (16 - 9) + -3 + -4 + -2.
-2
Calculate 5 + -2 - (-3 - (-2 + -1)).
3
Evaluate (2 + -2 - -3) + 0 + 0.
3
What is (5 + 4 - 5 - 5) + 6?
5
Evaluate 9 + (-40 + 35 - (2 + 0)).
2
Evaluate 3 + -1 - (-32 + 37).
-3
What is the value of 5 + (5 - 8) + (-1 - -2)?
3
-1 - 1 - (-2 + 3)
-3
Evaluate (3 - 1) + -3 + -1 - -4.
2
What is -5 + 5 + -15 + 17?
2
What is the value of -3 + -5 + -2 + 5 + 8?
3
Evaluate 2 + -11 - (-11 - (-8 + -1)).
-7
What is 5 + -2 + -14 + 7 + 9?
5
Calculate 2 - ((-6 - -11) + -4).
1
Calculate (0 - -3) + (12 - 13) - 5.
-3
-7 - ((0 - 0) + -6)
-1
Calculate 5 + (0 + -2 - 3).
0
1 + 2 - ((-2 - 0) + 2)
3
Evaluate -11 + 1 - (20 + -23).
-7
What is the value of 6 + (-1 - (-5 - (-7 - 3)))?
0
What is 1 - (-5 + 4) - 0 - -3?
5
43 - 41 - (1 - -4)
-3
What is -1 + 4 + (11 - (-12 + 24))?
2
What is the value of -2 - -6 - 11 - (1 + -5)?
-3
Calculate -1 + (-3 - (4 - 7 - -5)).
-6
What is -2 - (-6 + (-6 - -10))?
0
What is -1 + 10 + -206 + 190?
-7
What is the value of -4 + 4 + 3 + (-1 - 5)?
-3
What is -7 - (6 + -11 + 0 + 3)?
-5
Evaluate 1 + 0 - (7 + -6 + -7).
7
What is the value of 0 + (3 - 2) - (3 - -1)?
-3
What is (-2 - -1) + 17 + -12?
4
Calculate (2 - 1) + -4 + 11 + -13.
-5
Evaluate 4 - (4 + 6) - -5 - -7.
6
Evaluate (-2 + 0 - -5) + -6.
-3
Evaluate -12 - (-7 - 1) - -1.
-3
Evaluate -4 + 6 + (-6 - 0).
-4
-6 - -7 - (-2 - 2)
5
Calculate (4 - (3 + -5)) + -4.
2
Calculate (-12 - -3) + (-2 + 14 - 8).
-5
Calculate 5 + -1 + 2 + -11.
-5
What is -17 + 16 + (5 - 11)?
-7
What is the value of -2 + 8 - 4 - (6 - 0)?
-4
What is the value of 3 - (-5 - -4) - -1?
5
What is the value of (-4 - 19 - -1) + 14?
-8
Calculate 7 + -10 - (-1 + -1 + 5).
-6
Calculate -10 + 6 + 10 + -3.
3
What is 0 + 4 + (7 - 15)?
-4
What is the value of (0 - 7) + 2 + (3 - 3)?
-5
Calculate (-5 - -16) + (-20 - -17).
8
What is the value of (0 - -3) + -5 + -4 + 4?
-2
-4 - (5 + -4 + (-1 - 2))
-2
Evaluate 5 - (-2 - -2 - -2).
3
Calculate (3 - (-2 + 3)) + (-200 - -193).
-5
Evaluate -2 + 7 - (4 - -2).
-1
-8 + 7 - ((3 - 8) + 1)
3
Evaluate (1 - -1) + (4 - 1).
5
Evaluate 10 + -12 + -2 - (-1 + -2).
-1
What is the value of 6 - (7 + -6) - 8?
-3
What is -5 + 3 + (-8 - -1 - -1)?
-8
Evaluate (2 - 1) + -3 + -7 + 12.
3
Evaluate 6 + 1 + -5 + -1.
1
3 + (-6 - (1 + -4)) + -1
-1
What is the value of -2 + 0 + 8 - (2 + 1)?
3
What is -12 + 12 - (5 - 1)?
-4
What is the value of -13 - (-13 - (-4 + 5))?
1
Calculate (-16 - 0) + (14 - (8 + -1)).
-9
What is -12 + 3 + -17 + 19?
-7
6 - (14 + (-2 - 1))
-5
Calculate -8 + (2 - 0 - (0 + -1)).
-5
What is -1 - (-5 + 5) - 2?
-3
Calculate -2 + -2 - (3 - (3 - 1)).
-5
What is -4 + (7 - -1) - 3?
1
-10 - (-3 + 1 + -5)
-3
What is (-8 + 16 - 0) + -13?
-5
What is 0 - (3 - (-5 - -14))?
6
What is (-75 - -75) + (-5 - -1)?
-4
Evaluate 3 + -2 + (-1 + 0 - 0).
0
Evaluate (1 - 12 - 0) + -2 + 4.
-9
Calculate -2 - (-4 + 1 - (1 - 1)).
1
9 - 0 - (-3 - -7 - 0)
5
What is the value of 0 + -3 + (1 - 1)?
-3
What is 0 + -1 - -4 - 5?
-2
What is the value of 2 - (-68 - -68 - (0 - 4))?
-2
7 + -9 + -1 + 1
-2
Calculate (-37 + 40 - (7 - 0)) + 7.
3
Calculate 5 + 0 - (21 - 21).
5
Evaluate -10 - (-4 + 0 - (-1 - -1)).
-6
Evaluate (-7 - -9) + -6 - 2.
-6
Calculate -12 + 0 + -6 + 15.
-3
What is the value of -2 + 2 + 0 + 10 - 6?
4
Calculate 1 + (1 - (3 - 9) - 5).
3
Evaluate -8 + 2 + (-2 - -6).
-2
-13 + (-4 - -10) + 3
-4
What is 2 - (7 + -1) - -2?
-2
What is -11 + -12 + 23 - 7?
-7
Evaluate (-3 - 2 - -2) + -4.
-7
What is the value of 1 - 4 - (-2 - (-4 + 6))?
1
1 + -3 + 11 + -27 + 23
5
Calculate 7 + -16 - (2 + (1 - 6)).
-6
-2 + 6 + -8 + 6
2
-2 - (-8 - -4) - 6
-4
Calculate 4 + (-10 - -2) - 1.
-5
(-6 - (-5 - -6)) + 7
0
What is 8 - (0 + (7 - 9))?
10
Calculate -3 + -2 + 4 - (3 - 1).
-3
What is the value of 2 + (6 - 4) + -6 + 0?
-2
What is the value of -5 - -1 - (-2 + 1)?
-3
-2 - 0 - (-4 - (-5 + 5))
2
Calculate -3 - (-7 - (-1 + -3)).
0
What is the value of -17 + 17 + (-1 - -2) + 6?
7
What is the value of (-3 + 2 + 3 - 3) + 3?
2
Calculate 3 - (-1 + -4 + 9).
-1
Calculate -3 + 1 + -1 + (0 - -2).
-1
Calculate 5 + -4 - -2 - 2 - 3.
-2
What is the value of 6 + 0 + (-81 - -78)?
3
5 - (6 - -2) - (-3 + 0)
0
Calculate -2 + (6 - (6 + -4) - 3).
-1
What is 5 + 2 + -9 + 5?
3
What is the value of -3 + (2 - 6 - (26 + -33))?
0
5 - (17 + -7 + -11)
6
Evaluate (-2 + -1 - -6) + 3 + -4.
2
Calculate 1 + 0 + 14 + -2 + -7.
6
What is -2 - (-6 + -3 - -10)?
-3
Calculate 3 + (-4 - (-5 - -2) - -1).
3
What is -34 + 26 - (0 - 14)?
6
Evaluate -34 - -40 - (8 - 1).
-1
Evaluate -3 + 0 + -3 + 1.
-5
Calculate 5 + -4 + (8 - 8).
1
What is the value of 2 - (0 - 0 - (1 + 0))?
3
Evaluate -4 - (1 + 2 + -2) - -3.
-2
What is the value of -11 - (-7 - (-2 - 2)) - -1?
-7
What is the value of -2 + 6 + -5 + -3?
-4
Evaluate 0 - (-1 - -1) - 1.
-1
Calculate (-8 - 0) + 13 + -2.
3
What is -2 - (8 - 5) - -5?
0
What is the value of -8 + 7 + (-9 - -7) - -4?
1
Evaluate (-9 - 6 - -13) + 0 + -4.
-6
Evaluate 4 - 3 - (4 + -2).
-1
What is -2 - -9 - (0 + 2)?
5
Evaluate 10 + -1 + (-184 - -176).
1
What is the value of -26 + 24 + 8 + -1?
5
Calculate -1 - (3 + -4 + 0).
0
Evaluate (7 - -19 - 6) + -14.
6
3 - ((7 - -3) + -2) - -2
-3
What is the value of 7 + (-6 - -3) - (-4 + 7)?
1
-5 + (12 + -7 - 7) - -10
3
What is (6 - 1) + -8 + -1?
-4
What is (-2 - -4 - 1) + 35 + -32?
4
What is the value of 3 + (-2 - -1) - (-3 + 1)?
4
Evaluate 6 - (-3 + 4 + 1).
4
Calculate -7 - (-21 + (-5 - 0) + 8).
11
What is 3 + -4 - (-2 - -4)?
-3
Evaluate -6 + 6 + 3 - 10.
-7
Calculate 2 - (0 + -3) - -2.
7
Evaluate 2 + -3 + 1 + -2 + -3.
-5
Calculate -1 + 8 - (-21 - (-1 - 35)).
-8
11 + (-13 - (-8 + -1))
7
Evaluate 3 + -5 + 1 + 4.
3
-5 + 14 + -5 + -8
-4
What is the value of -13 + 7 + 2 + 5 + 2?
3
(-4 - -2) + 19 + -20
-3
What is 6 - 1 - (6 + 2)?
-3
Calculate (-4 - -12) + -8 + -2.
-2
Calculate (-5 - -3) + -2 + (-1 - 0).
-5
Calculate -4 - -2 - (-6 - -3).
1
What is the value of (-5 - (-14 + 4)) + -4 - 7?
-6
Calculate -8 - ((1 - 4) + -1).
-4
What is the value of -3 + 2 + (-4 - -7)?
2
Calculate -2 - (5 - 7) - -5.
5
What is the value of 2 + (6 - 5) + (-3 - -2)?
2
Calculate 4 - ((-7 - (-2 + -5)) + 6).
-2
Evaluate -1 - -1 - (-7 + -1 + 6).
2
Evaluate (8 - 1 - 14) + 14.
7
What is the value of (9 - (11 - 6)) + (2 - 9)?
-3
Evaluate 2 + (-24 - -23) + (1 - -4).
6
1 - ((3 - 1) + -1)
0
What is -6 - (0 + -7 + -3)?
4
Calculate -1 + 7 + -11 - 4.
-9
Calculate 16 - 19 - (0 + -9).
6
-4 + 3 + 0 - -6
5
Calculate 5 + (0 - -1 - (0 - -1)).
5
0 + -1 + (19 - 15)
3
What is (-4 - -8) + -4 - 1?
-1
Evaluate 3 - (5 + -2) - (0 - 0).
0
Evaluate 5 - (2 + 0 - (68 - 61)).
10
(-12 - (0 - 1)) + 10 + -5
-6
What is the value of 44 + -43 +